*2 + 0*w + c*w**3 + 1 + 2*w. Determine x(-1).
-54
Let h(a) = 9*a + 4. Let q(p) = 1 + 12*p - 3 + 1 - 13*p. Let d = 15 + -21. Let v(f) = d*q(f) - h(f). Give v(4).
-10
Let g(d) = -d**3 + 4*d**2 - 52*d + 25. Let z(h) = h**3 - 6*h**2 + 43*h - 24. Let f(k) = 3*g(k) + 4*z(k). Give f(10).
-61
Let w(c) = -81 + 3*c - 34*c**2 + 28*c**2 - c**3 + 87 - 5*c. Give w(-6).
18
Let y(t) = -13*t**3 + 12*t**2 - 9. Let p(o) = 16*o**3 - 11*o**2 - 3*o + 10. Let x(s) = 4*p(s) + 5*y(s). Determine x(15).
40
Let o(t) = 178 - 522 + 171 + 175 + 4*t - 5*t. Let l(f) = 2*f - 6. Suppose 15 = 2*v + 5. Let s be l(v). What is o(s)?
-2
Let r(a) be the third derivative of a**6/120 + a**5/15 + a**4/24 - 4*a**3/3 - 1895*a**2. What is r(-4)?
-12
Suppose -f + 8 = 2*u, -4*u + 3*f + 28 = 8*f. Let l(p) = 9 + u*p - p**3 - 9. Calculate l(2).
-4
Let l(w) be the third derivative of w**7/2520 + w**6/60 + w**5/120 + 9*w**4 + 287*w**2. Let x(a) be the second derivative of l(a). Calculate x(-12).
1
Suppose 4*h + 55 = -53. Let n be (h/45)/((-4)/(-20)). Let i(s) = -2*s - 3 + 4 + 3*s. What is i(n)?
-2
Suppose -o + 9*o = 0. Let i(m) = m**2 + 17. Suppose -2*w + 2*p + 11 = p, -w + 5*p + 19 = 0. Let z(j) = j**2 + 18. Let n(b) = w*z(b) - 5*i(b). Calculate n(o).
-13
Let g(m) = m**3 - 25*m**2 - 9*m - 109. Let l be g(26). Suppose 72 = l*d - 339*d. Let o(f) = -2*f - 23. Give o(d).
1
Let s = -3464 - -3472. Let j(w) = -8*w + 59. What is j(s)?
-5
Suppose 69*f + 1320 - 1246 = -2548. Let v(h) = h + 41. Give v(f).
3
Let f(v) = -48*v + 2422. Let t be f(50). Let d(n) be the second derivative of -1/20*n**5 - 7/2*n**2 + 1/2*n**3 - 1/3*n**4 + t*n + 0. Calculate d(-5).
3
Let c(z) = 141 - 20*z + 2*z + 2*z + 12*z + 11*z. Let p be c(-21). Let u(n) = n**2 + 5*n - 8. Determine u(p).
-2
Let l(j) = j**2 + j - 23. Let s(i) = 7*i**2 + 32*i + 21. Let o be s(-4). Determine l(o).
7
Let g be (616/(-110) - (-1 - 1))*-10. Let w(y) = 42*y**2 - y + 17*y**2 + g - 60*y**2. Give w(0).
36
Let d(n) = -n**2 + 3*n + 5. Suppose 1598 - 149 = -7*u. Let a = 212 + u. What is d(a)?
-5
Let f(g) = -4*g + 221 - 2*g + 5*g - 451 + g**2 + 219. Give f(3).
-5
Let n = -2606 - -2601. Let d(m) = m - 5. What is d(n)?
-10
Let t(p) = p**2 + 8*p - 2. Suppose 5*h + 2*w + 8 = 0, -2*w - 3*w = -h + 20. Suppose 54 = -h*s + 2*s. Suppose 3*f + s = -0*f. Determine t(f).
7
Let l(x) = x + 2. Let p be l(2). Let i be (9072/154)/27 - 2/11. Let b(r) = -r + p*r**3 - 19*r**2 + 19*r**i - 6*r**3. Give b(-1).
3
Let t(n) = -n**2 - 32*n + 37. Suppose 0 = 145*g + 3373 + 1412. Calculate t(g).
4
Let p(h) be the third derivative of 11*h**2 + 0 - 1/24*h**4 - 1/6*h**3 - 1/20*h**6 + 0*h + 1/60*h**5. Let m be p(1). Let l(k) = -2*k - 9. Calculate l(m).
5
Let o(d) = d**3 - 8*d**2 - 72*d + 524. Let l be o(7). Let h(i) = -i**3 - 13*i**2 + 463*i - 38. What is h(l)?
-9
Let y(p) = 49*p**3 - 19*p**2 + 38*p - 228. Let j(v) = 11*v**3 - 5*v**2 + 10*v - 57. Let b(d) = -9*j(d) + 2*y(d). What is b(6)?
9
Let u(m) = -m**3 - 3*m**2 + 6*m + 6. Let f = 49 + -41. Suppose -a + f*a = 63. Suppose 19 = -7*p - a. Give u(p).
-2
Suppose x + 55 = 3*b, 0*b + 5*x = -b + 29. Let o(l) = -l**2 + 17*l + 44. Let d be o(b). Let u(s) = s**3 - 7*s**2 + 5*s - 4. Give u(d).
-10
Let s(a) = -a**3 - 5*a**2 - 5*a + 8. Let m be s(-4). Let f(d) = m + d - 2 - 7. Let n be (-17)/4 - (-6)/(-8). Give f(n).
-2
Let a(z) = -16*z - 48*z - 22 - 16*z + 87*z. Determine a(5).
13
Let l be 1/((9/(-9))/(-2 + 12)). Let n(b) = b**2 + 10*b + 14. What is n(l)?
14
Let g(a) be the first derivative of -7/2*a**2 + 0*a + 124 + 1/3*a**3. What is g(3)?
-12
Let w(d) = d**2 - 15*d - 12. Let r be w(14). Let j = 28 + r. Let y(c) = -c + j*c - 2*c. What is y(2)?
-2
Suppose g - 4*y = -20, -5*y - 4 = -3*g - 9*y. Let l(u) = 3*u**2 + 9*u + 2. Calculate l(g).
14
Let p(h) = 1959 + 2040 - 4423 - 38*h. Calculate p(-11).
-6
Let s(c) = 5*c + 3. Suppose 84 = g + 2*g. Suppose -4*n - g = -5*h, 4*h + 7 = -n - 0*n. What is s(n)?
-32
Suppose 334*j + 467*j = 175*j + 22536. Let d(y) = 2*y**3 - 71*y**2 - 38*y + 88. Calculate d(j).
16
Let w(s) = -12*s - 7. Suppose -12*g = -147 + 74 + 73. Determine w(g).
-7
Let z = -16693 + 16700. Let a(q) = 25*q - 165. Determine a(z).
10
Let g(v) = 8*v**2 + 40576 + 12*v - v**3 - 40576. What is g(10)?
-80
Suppose -2*k - 665 = -7*k. Suppose -2*r = -r - k. Let u = r - 134. Let l(g) = 20*g + 1. Calculate l(u).
-19
Let l be -2 + (6 - 4) + -3. Let d(y) = -252*y + 7 + 88*y + 82*y + 86*y. Give d(l).
-5
Let y(q) = -13 + 125*q - 7*q**2 + 135*q - 397*q + 125*q. Let t(d) = 10*d**2 + 18*d + 19. Let u(k) = -5*t(k) - 7*y(k). Give u(-5).
1
Let w(a) = a**3 - 10*a**2 + 4*a - 22. Let d be w(10). Let v be 34/10 - d/45. Let t(q) = q**v - 3 + 9*q**2 - 7 - 28*q + 1 + 34*q. Determine t(-8).
7
Let x be ((-114)/95)/((-3)/35). Let l(b) be the first derivative of -b**4/4 + 13*b**3/3 + 7*b**2 + 10*b + 169. Calculate l(x).
10
Let s(k) = -9*k**2 + 13*k - 9. Let d(a) = 5*a**2 - 7*a + 4. Let l(z) = 11*d(z) + 6*s(z). Let j be ((-78)/(-65))/(4/30). Let i = 9 - j. Determine l(i).
-10
Let x be (-3980)/1194*6/(-4). Let b(h) = -h**3 + 7*h**2 - 11*h + 7. What is b(x)?
2
Let x(u) = u**3 + 26*u**2 + 28*u + 64. Suppose -51*y - 195 - 1080 = 0. Determine x(y).
-11
Let g(i) = 25*i**2 + 1001 - 19*i**2 - 1014 - 2*i + i**3. Give g(-6).
-1
Let l(h) = h + 2. Suppose -15 = 3*g - 0*g. Let r(b) = -b**2 - 3*b + 15. Let x be r(g). Determine l(x).
7
Let z = 579 - 90. Let v = -488 + z. Let u(x) = -2*x**2 - x + 2. Calculate u(v).
-1
Let w(q) = q**3 - 4*q**2 - q + 3. Let h be 232*(450/24)/15. Let z = 294 - h. Determine w(z).
-1
Let o(s) = 0*s**2 - 6 + 3 + 1174*s - 11*s**2 - s**3 - 23*s**2 - 1267*s. Calculate o(-31).
-3
Let k(x) = -6*x**2 - 35*x + 11. Let d(w) = w**2 + 9*w - 3. Let q(v) = 9*d(v) + 2*k(v). What is q(5)?
-25
Let r(a) = -54*a**3 + a + 1. Let s be (-132)/297 + 68/(-90) - 2/(-10). Determine r(s).
54
Let g(k) = -k - 2. Let z be g(-3). Let l = 1150 + -1153. Let q(v) = v**3 + v + 1. Let n(t) = t**3 + 7*t + 6. Let s(p) = l*q(p) + z*n(p). What is s(-2)?
11
Let h(p) = -p**3 - 78*p**2 - 152*p - 2. Let v be h(-76). Let z(s) = 2*s**3 + 3*s**2 + s - 4. Give z(v).
-10
Let q be (-21)/(-14)*(1146/(-9) + -2). Let a = q - -181. Let v(z) = -z - 11. Determine v(a).
2
Let w(g) be the second derivative of -g**5/20 + g**4/3 - 2*g**2 - 3*g. Suppose -350*j - 429 = -493*j. Determine w(j).
5
Let c(f) be the first derivative of -4*f + 1/3*f**3 + 111 - 3*f**2. Give c(6).
-4
Let g(c) = -c**2 + 10*c - 11. Suppose 4*n + x - 26 = 1, n = x + 8. Suppose 0 = -n*j + 8*j - 8. Let z be g(j). Let q(v) = v**2 - v - 2. Calculate q(z).
18
Let a(m) = m**3 - 13*m**2 + 2*m - 16. Let l(g) = -327*g + 994. Let u be l(3). Give a(u).
10
Let c(p) = p**3 - 11*p**2 + 1. Let h = -214 + 196. Let v(j) = 5*j + 101. Let u be v(h). Determine c(u).
1
Let l(d) = -5*d + 3*d - 53159 - d**3 + 53179 + 11*d**2. Calculate l(11).
-2
Let n(p) = -2*p - 614 - 7*p + 308 + 310 - 7*p. What is n(0)?
4
Suppose 126*g - 60 = 114*g. Let m(t) be the third derivative of 0*t + 0 + 1/60*t**g + 21*t**2 - 5/24*t**4 + 5/6*t**3. Calculate m(6).
11
Let x(z) = 6*z**2 + 11*z + 5. Let v(d) = -5*d**2 - 10*d - 5. Let y(i) = -5*v(i) - 4*x(i). Let k be y(-5). Let l be 6/6 + k + 2/1. Let h(c) = -c + 2. Give h(l).
-1
Let c(b) be the third derivative of -b**8/20160 + b**7/840 - b**6/144 - 7*b**5/60 - b**4/24 - 38*b**2. Let m(r) be the third derivative of c(r). What is m(6)?
-5
Let g(w) = w**3 - 2*w**2 - 5*w + 6. Suppose 873 = 4*m - 5*v - 415, 2*m - v = 638. Suppose -m = 9*h - 353. Calculate g(h).
18
Let y = -7 + -3. Let a(q) be the third derivative of q**5/60 + 11*q**4/24 + 5*q**3/2 + 3527*q**2. Calculate a(y).
5
Let p(m) be the first derivative of m**4/4 + m**3/3 - 5*m - 96. Suppose 0 = 5*u - 4*t - 0*t + 4, -8 = 5*u - 3*t. Let l = u + 4. Determine p(l).
-5
Let i(s) be the first derivative of 6*s - 2*s - 10*s - 23 - 128*s**2 - 2*s + 129*s**2. Determine i(8).
8
Let y(o) = 0*o - o - 10 + 1. Let u be y(0). Let g(d) be the second derivative of d**4/12 + 5*d**3/3 + 3*d**2 + 18*d - 394. Calculate g(u).
-3
Let t(x) = -x**2 + 6*x - 11. Let f = -10406 + 10413. What is t(f)?
-18
Let r be -1 - 7 - (4*-2 - 2). Let a be (-15)/(-2)*8/10. Let l(n) = a + 4*n - n - r*n. Give l(0).
6
Let f(h) = 2*h**2 - 4*h + 3. Suppose 12*k - 92 = 10*k. Suppose 2*m + 4*u = k, 2*m - 2*u + 86 = 6*m. Suppose w - 24 = -m. Determine